uppose 2*t + 3*m - 15 = 46, -5*t = m - 185. Suppose 2*c = 5*l + 165, -11 = -4*l + 9. What is the highest common factor of c and t?
19
Let y(h) = 5*h - 1. Let g be y(3). Let r = g - 10. What is the greatest common factor of r and 36?
4
Suppose -3*v - a = v - 24, 0 = -5*a. Let s = v - 4. Let p be s*(3 - 4)*-8. What is the greatest common factor of 4 and p?
4
Suppose -2*q = 0, m = 4*m - 4*q - 39. Calculate the greatest common divisor of 26 and m.
13
Suppose 2*s = -s + 30. Let w = s + 15. What is the greatest common divisor of w and 10?
5
Let h = 2 - 0. Suppose 5*c + h*d + 0*d = -14, 0 = 4*c - 5*d + 31. Let t be (-217)/(-4) - 3/c. What is the highest common divisor of 5 and t?
5
Suppose 0 = 5*g - 3*l - 16 - 48, 76 = 5*g + 3*l. What is the highest common factor of 4 and g?
2
Let r be (-4)/14 - (-408)/56. Let c(y) = 2*y + 8. Let s be c(r). Calculate the greatest common divisor of s and 2.
2
Suppose -5*v = 3*s - 255, 5*s + 179 - 604 = -5*v. Calculate the highest common divisor of s and 17.
17
Let r be (-26)/(-6) - 2/6. Suppose r*b - 5 - 11 = 0. Suppose 0*x - b*x + 4 = 0. What is the greatest common factor of x and 8?
1
Suppose 4*w - 8 = 0, 5*u - 2*w - 9 = 12. What is the highest common divisor of 1 and u?
1
Let q(p) = -p + 3*p + 0*p - 5 + 5*p. Let z be q(9). What is the greatest common factor of z and 87?
29
Let j(a) = -2*a**2 + 16*a - 4. Let w be j(8). Let v be -6*(3 + w)/2. Calculate the highest common divisor of v and 24.
3
Suppose -3*x - 21 = x - 3*p, -15 = 2*x + 3*p. Let j = 24 + x. Calculate the highest common factor of 18 and j.
18
Let y(t) = 16*t**3 - t**2. Suppose 5 = -0*q + 5*q. Let k be y(q). Calculate the greatest common divisor of 15 and k.
15
Let u = 20 - -24. Suppose 5*i - 3 - 22 = 0. Suppose 6 = y - i. What is the greatest common factor of u and y?
11
Suppose -7*r + 90 = -2*r. Suppose g + 0*g - 45 = 0. What is the greatest common factor of g and r?
9
Let f(u) = -u**3 + 7*u**2 + 11*u - 4. Let i be f(8). What is the greatest common divisor of 5 and i?
5
Let b(n) = -8*n + 8. Let h be b(-4). Suppose o + h = 2*o. Calculate the greatest common divisor of o and 8.
8
Let h = 133 + 105. What is the highest common divisor of 34 and h?
34
Let v(i) = -3*i - 3. Let r be v(-4). What is the greatest common factor of r and 63?
9
Suppose -727 = -5*k + 4*l, 0 = 2*k + 5*l - 223 - 81. Calculate the highest common divisor of k and 21.
21
Let o(h) = 4*h**2 + 2*h - 1. Let j be o(1). Suppose 3*m = j*m - 28. Let s be 7*3*48/9. What is the greatest common factor of s and m?
14
Let u(m) = -m + 19. Let c be u(5). What is the greatest common divisor of 126 and c?
14
Suppose -12*a + 3*a = -423. Calculate the greatest common divisor of a and 47.
47
Let r(d) = d - 4. Let m be r(0). Let u be (-2 - 5/4)*m. What is the highest common factor of 52 and u?
13
Let y be (167 - 0) + -1 + 0. Let g = 238 - y. Let d = -133 + 141. Calculate the highest common factor of d and g.
8
Suppose -1 = 2*r - 7. Let a = 3 + -1. Suppose a*h - 3 - 3 = 0. Calculate the highest common factor of r and h.
3
Let g = 53 + -28. Suppose r - g = -3*n, -4*r - 46 = -4*n + r. Let q = -73 - -172. What is the greatest common factor of q and n?
9
Let o(z) = z - 6. Let d be o(2). Let q(t) = t**3 + 4*t**2 - 5*t - 5. Let p be q(d). Calculate the greatest common factor of p and 45.
15
Let j be ((-27)/(-6))/(4/8). Let w = j - 3. What is the greatest common divisor of w and 1?
1
Suppose -2*l = 2*l, 5*q + 3*l - 440 = 0. What is the highest common divisor of 8 and q?
8
Let j = -7 - -8. Let p be 36*j*(-7)/(-14). Suppose -72 = 4*g - 8*g. What is the highest common factor of p and g?
18
Suppose -2 = -d - 0*d. Let v be (4 - 2)*(-1 + d). Calculate the highest common factor of 4 and v.
2
Suppose -2*z + 5*n + 56 = 0, -n - 76 = -3*z - z. Calculate the greatest common divisor of z and 45.
9
Suppose -x - 10 = -59. What is the highest common divisor of 7 and x?
7
Let z(p) = -p**2 - 2*p. Let g be z(-2). Let n be (g - (2 + -1)) + -1. Let i be 21/n*(-12)/9. Calculate the highest common divisor of i and 28.
14
Let d(c) be the first derivative of c**2/2 + 12*c + 3. Let v = 14 - 25. Let w be d(v). Calculate the highest common factor of w and 8.
1
Let r be (-2)/(-7) + 12/7. Suppose 0 = -0*p + p + 2. Let y be ((-4)/5)/(p/25). Calculate the highest common factor of y and r.
2
Suppose 3*z - 68 = -5*a + 27, 0 = -5*z + 4*a + 220. What is the highest common factor of 20 and z?
20
Suppose 14 - 56 = -2*u. Calculate the highest common divisor of 231 and u.
21
Suppose 7*f - 7 = 14. Let s(k) = k**3 + 4*k**2 - 2*k - 3. Let g be s(-4). Let i = g - f. What is the greatest common divisor of i and 2?
2
Suppose y + 81 = 2*p, 4*p + 2*y = -p + 198. Calculate the greatest common divisor of p and 60.
20
Let q(o) = 4*o - 10. Let h be q(4). Calculate the highest common divisor of h and 4.
2
Let h = -21 + 29. Suppose -2*g + 98 = y, 4*g = 2*y - 0*y - 156. What is the highest common factor of h and y?
8
Let d = 63 - 114. Let u = -31 - d. Let m be ((-15)/4)/((-2)/16). Calculate the greatest common divisor of u and m.
10
Let m be 2/(-4)*(-9 - -1). Suppose -2*d - 272 = -3*g, g + 5*d - 445 = -m*g. Calculate the highest common factor of 10 and g.
10
Let m = -131 - -159. What is the highest common factor of m and 14?
14
Suppose 0 = -0*d + 3*d. Suppose i + 33 = 3*c, d = 2*c - i - 3*i - 22. What is the highest common factor of c and 11?
11
Let r be (12 + -8)/(0 + 2). Suppose 3*w = r*w + 2*y + 48, 3*w = 5*y + 147. Let k be (-38)/(-6) - 2/6. What is the highest common factor of w and k?
6
Let w(d) = d**3 - 8*d**2 + 14*d - 7. Let t be w(9). Suppose 0*y + t = 4*y. What is the highest common factor of y and 125?
25
Let v(x) = 12*x. Let s be v(6). Suppose -2*l = l + 5*k - 216, l = 4*k + s. Calculate the highest common divisor of l and 9.
9
Let o(h) = -2*h**2 + h - 4. Let n be o(0). Let c be (6/8)/(n/(-64)). Calculate the highest common divisor of c and 30.
6
Let f(i) = 3*i**3 - i**2 - 3*i - 2. Let w be f(2). Calculate the greatest common factor of w and 12.
12
Let a(j) = j**3 + 4*j**2 - 15*j - 2. Let b be a(-6). What is the highest common factor of b and 32?
16
Let w be 2 + 1 - (-14 + -19). Calculate the greatest common divisor of 54 and w.
18
Suppose 3*i = -z + 10, 0*z = 5*z - 5. Suppose 4*w = -i*t + 239 - 20, t = 3*w - 174. Calculate the greatest common divisor of 19 and w.
19
Let k be (4 - 1/1) + 24. Calculate the highest common factor of k and 9.
9
Suppose o - 70 = -5*v, -v + 25 = o - 3*o. Let h = -5 + v. What is the highest common divisor of 40 and h?
10
Suppose 26 - 5 = -k. Let r = -6 - k. What is the greatest common factor of 3 and r?
3
Suppose -5*h + 4*h = -1. Let p = 5 - h. What is the greatest common factor of p and 36?
4
Let i(r) = 32*r + 1. Let y be i(13). Let d = y + -87. What is the highest common divisor of d and 30?
30
Let m(d) = 29*d**3 + d. Let z be m(1). Suppose 0*p = -5*t - 3*p + z, p + 32 = 3*t. What is the greatest common factor of t and 72?
9
Suppose 4*o + 0 = 3*c + 6, 0 = -o - 5*c + 13. Let b(i) = 4*i**2 - 4*i. Let k be b(o). Calculate the greatest common divisor of 3 and k.
3
Let k = 40 + 0. Calculate the greatest common factor of k and 16.
8
Let l = -299 - -467. Calculate the greatest common divisor of l and 24.
24
Let w be 174 - (0 - 4/2). Suppose -j + 10 = -6. Calculate the greatest common divisor of j and w.
16
Let r = 155 - 91. Suppose 2*s - 3*o - 32 = -o, 0 = 4*s + 5*o - r. Let c = -19 - -43. What is the highest common divisor of c and s?
8
Suppose -4 = -7*d + 31. Suppose -2*i + 4 = j, 5 = 7*i - 2*i + d*j. What is the greatest common divisor of i and 24?
3
Let j be (5/(-5))/((-1)/29). What is the greatest common divisor of j and 58?
29
Let v be (2 + 1)*(-4)/(-3). Let r = 42 + -25. Let w = r + -7. What is the greatest common factor of v and w?
2
Suppose 4*f = 3 + 17. Suppose 0 = -f*o - v + 68, 5*v - 5 = 4*o - 42. Let a be (-156)/30*15/(-6). What is the highest common divisor of o and a?
13
Suppose -9*z + 5*i = -6*z - 52, i + 2 = 0. What is the greatest common divisor of 21 and z?
7
Let h be (-428)/(-18) - 6/(-27). Let s = 48 - 29. Suppose 3*i - 9 = -3*a + 6, 0 = 3*a - i - s. Calculate the greatest common factor of a and h.
6
Suppose 0*g - 10 = -2*g. Calculate the greatest common factor of 35 and g.
5
Suppose -3*j - 27 = -3*y + 30, -5*j 